r when (5 - 8 - -180)*2/6 is divided by 38.
21
Let j(b) = b + 18. Calculate the remainder when -2*(-10 - 2) + 3 is divided by j(-13).
2
Let m(r) = -4*r**2 + 98*r - 26. What is the remainder when 30 is divided by m(24)?
8
Suppose 2*w - 45 - 14 = 3*b, -3*w - 3*b = -111. Let r = w + -13. What is the remainder when r is divided by 5?
1
Suppose 5*a = 7 + 8. Suppose b - 2*z = 11, 4*z - z = 15. Suppose -b*i + 2 = -20*i. What is the remainder when a is divided by i?
1
Let w = -83 + 135. What is the remainder when 204 is divided by w?
48
Let i(b) = 2*b**2 + 6*b + 7. Let k = 60 + -38. What is the remainder when i(5) is divided by k?
21
Let q(j) be the first derivative of -j**3/3 - 5*j**2 + 5*j + 19. Calculate the remainder when 68 is divided by q(-9).
12
Let l be ((-15)/24*-6)/((-18)/(-48)). Suppose -5*h + l = -70. What is the remainder when 61 is divided by h?
13
Suppose 2*l + 2*l = -5*m + 510, -3*l = -3*m - 369. What is the remainder when l is divided by 19?
11
What is the remainder when (-3)/(-12) - (-171)/4 is divided by -2 + 154/(-18 - -29)?
7
Let w = 1512 + -1330. What is the remainder when 182 is divided by w?
0
Let n(z) = -z**2 + 14*z + 9. Let k be n(14). Suppose 12*p = k*p + 12. Let h(f) = 16*f**2 + f. Calculate the remainder when h(-1) is divided by p.
3
Let x(c) = -4*c + 97. Let n(g) = 2*g - 48. Let y(f) = -9*n(f) - 4*x(f). What is the remainder when 68 is divided by y(15)?
12
Let f = 578 - 333. What is the remainder when f is divided by 2/(-6*((-3)/279)/1)?
28
Suppose -5*g = 2*z - 318, -4*g + 24 + 244 = 5*z. Calculate the remainder when g is divided by 6.
2
Let j = 29 + -27. Suppose -2*g - 46 = -2*i, g + 11 = j*i + 6*g. Calculate the remainder when 33 is divided by i.
15
Suppose 5*a = 2*o + 698, -3*a + 8*a - o - 699 = 0. Calculate the remainder when a is divided by 13.
10
Let p be 1 + (-2 - (6 - 4)). Suppose -84 = -0*o - 4*o. What is the remainder when 43 - 2 - (0 + (-2 - p)) is divided by o?
19
Let k(x) = -x**3 - 17*x**2 + 28. Calculate the remainder when 82 is divided by k(-17).
26
Suppose 4*z - 5*g = 109, z + 41 = 2*z - 4*g. What is the remainder when 8*((-4)/(4/(-7)) - 2) is divided by z?
19
Suppose -4*j + 346 = -2*v, j + j + 2*v = 170. What is the remainder when 277 is divided by j?
19
Let p(k) = 29*k - 20. Let v = 108 - 91. Calculate the remainder when p(4) is divided by v.
11
Suppose 5*g = 2*h - 218, 3*h = 2*g - 168 + 517. Calculate the remainder when h is divided by 44.
31
Suppose 2*l + 26 = 2*d, 3 + 0 = d + l. What is the remainder when 2/((-615)/155 - -4) is divided by d?
6
Suppose -363 = -19*z + 8*z. Calculate the remainder when 130 is divided by z.
31
Suppose -9*l + 5*l = 0, -l = -4*g + 1724. What is the remainder when g is divided by 36?
35
Suppose 0 = -15*j + 1498 + 1502. What is the remainder when j is divided by 41?
36
Suppose 15*n - 15 = 10*n. Let x(i) = 3*i**2 - 4*i + 6. What is the remainder when 1*1/(-1) - -59 is divided by x(n)?
16
Let w(f) = -f**3 - 4*f**2 + f + 5. Let s be w(-4). Let j be 0 + 2/1*s. Suppose 3*d = j*d + 17. What is the remainder when 33 is divided by d?
16
Let t = -120 + 131. What is the remainder when 40 is divided by t?
7
Suppose -d - 1 = 2*y - 7, y - 15 = -2*d. Calculate the remainder when d is divided by 2.
0
Suppose 187*n = 199*n - 276. What is the remainder when n is divided by 20?
3
Let l = 362 + -277. What is the remainder when l is divided by 20?
5
Suppose 2*b - a = 8, 3*a - 4 = -2*b + 2*a. Suppose -j - 151 = -b*y, 0*y + y = j + 53. Calculate the remainder when y is divided by 10.
9
Let o = 478 + 429. What is the remainder when o is divided by 35?
32
Suppose -64 = -3*l - 2*s, -20*s = 2*l - 15*s - 28. What is the remainder when ((-26)/6)/((-1)/21) is divided by l?
19
Suppose 3*r + t + 19 = -7, 4*t + 24 = -2*r. Let g be (r/(-12))/((-6)/9). Calculate the remainder when 20 is divided by (-9 - -10)/(g/(-7)).
6
Let j = -746 + 804. What is the remainder when j is divided by 12?
10
Let v = 1282 - 864. What is the remainder when v is divided by 35?
33
Let u = -250 + 265. Calculate the remainder when 221 is divided by u.
11
Let c = -14 - -18. Suppose c = 3*u + m, 4*m + 12 = -0*u + 2*u. What is the remainder when 7 is divided by u?
1
Let f(w) = 2*w - 14. Suppose 0 = -h - 1 + 9. Let o be f(h). Suppose o*u = -2*n + 36, -3*u = -n - 41 - 1. What is the remainder when 40 is divided by u?
10
Let f = -7 + 11. Let j = f + 8. What is the remainder when 44 is divided by j?
8
Suppose -2*x + 153 = -4*b - x, -120 = 3*b + x. Let k = b - -61. Let u(l) = l**3 + l**2 + 12. Calculate the remainder when k is divided by u(0).
10
Let g(f) = f**2 + 13*f - 2. Let s be g(-15). Let x = s + -8. Calculate the remainder when 79 is divided by x.
19
Let m(r) = 34*r**2 + 193*r - 3. What is the remainder when m(-6) is divided by 5?
3
Suppose -4*t = 4*p - t + 37, -2*p - 5 = -3*t. Let f = p - -15. Suppose -f = -m - 1. Calculate the remainder when 24 is divided by m.
3
Suppose -3*w = 5*m, 4*m = 3*m + w + 8. Let l = -10 + 19. What is the remainder when l is divided by m?
0
Let g = -28 - -24. Let w be ((-10)/g)/((-45)/(-36)). Suppose z = 4*q + 6, 3*z + w*q - 96 = -2*z. Calculate the remainder when 50 is divided by z.
14
Suppose 8 = -2*h + 4*x + 26, -4*h + 2*x = -48. Let l = 0 - -5. What is the remainder when h is divided by l?
3
Suppose -10 = -2*h + 3*b, -2*b - 4 + 12 = 0. Suppose 0 = 6*i - i - 155. Calculate the remainder when i is divided by h.
9
Let g = -763 + 868. Calculate the remainder when g is divided by 1/(-1 - (-162)/159).
52
Suppose 6*h - 16 = 26. Let d = -11 + 15. What is the remainder when h is divided by 1*(4/d + 2)?
1
Let b be (-5)/(-2)*(-84)/(-35). Let i be ((-14)/3)/((-4)/b). Suppose -87 = -i*a + 4*a. What is the remainder when a is divided by 16?
13
Let s(r) = 2*r**2 + 36*r + 66. What is the remainder when s(-19) is divided by 28?
20
Suppose 52*p - 1331 = -69*p. Suppose 6 - 3 = -3*h, -3 = 4*v - 5*h. Calculate the remainder when 82/(-6)*(-1 + v) is divided by p.
8
Suppose -3*o + 66 = 3. Suppose -4*z + 33 = o. What is the remainder when z is divided by (6/(-30))/(1/(-5))?
0
Suppose -2*w - 3*i = -192, 0*w - 204 = -2*w + 3*i. Suppose -2*l + 16*l = 238. Calculate the remainder when w is divided by l.
14
Suppose -3*t - 5*q + 75 = 0, 3*t - q - 4 - 53 = 0. What is the remainder when -7*(-10 - (-3)/(-3)) is divided by t?
17
Let u = 15 - 7. Let h = -312 + 330. Let q = h - u. What is the remainder when 39 is divided by q?
9
Let i(o) be the second derivative of -1/3*o**3 - 1/20*o**5 - 1/2*o**2 - 7/12*o**4 - 7*o + 0. Calculate the remainder when 23 is divided by i(-7).
10
Suppose 0*o + 2*o = 94. Suppose 4*r - 169 = o. Calculate the remainder when r is divided by 15.
9
Let a be (-3)/4 - (-60)/16. Let p(b) = 2*b**3 - 6*b**3 + b + 4*b**3 + 7*b**2 + b**a. What is the remainder when p(-6) is divided by 8?
6
Let h = 411 + -348. What is the remainder when h is divided by 13?
11
Let m(y) = -42*y**3 - 3*y**2 - 3*y - 1. Let f be m(-1). Suppose b - f - 2 = 0. What is the remainder when b is divided by 11?
10
Suppose -2*o + 3*h + 47 = 4*h, -o - 4*h + 27 = 0. Calculate the remainder when 57 is divided by o.
11
Let r(o) = o**3 - 2*o**2 - 3*o + 3. Let i be r(2). Let w = 0 - i. Suppose 5 = 5*m - 2*y - 34, 2*m - 4 = -5*y. Calculate the remainder when m is divided by w.
1
Suppose 4*u + 252 = 4*z, 4*z - 15*u = -20*u + 261. Calculate the remainder when 189 is divided by z.
61
Suppose -3*o = -47 - 145. Let d be (-452)/(-6) - (-7)/(-21). Let h = d - 58. Calculate the remainder when o is divided by h.
13
Suppose -2*k - 3*a = -149 - 14, -5*a - 420 = -5*k. Calculate the remainder when k is divided by 80.
3
Suppose -2*a - n - 3*n - 36 = 0, -27 = a + 5*n. What is the remainder when 9/6*(-1544)/a is divided by 49?
46
Suppose 0 = 4*j - 48 - 84. Calculate the remainder when 163 is divided by j.
31
Suppose -10*j + 5*j = -590. Suppose 0 = -2*h - h + 120. What is the remainder when j is divided by h?
38
Let f(k) = k**3 - 3*k**2 + 14*k. Let i be f(13). Let g(s) = s**3 - 6*s**2 - 2*s + 7. Calculate the remainder when g(7) is divided by (-2)/7 + i/84.
20
Suppose 3*d - 11*d + 176 = 0. Calculate the remainder when d is divided by 5.
2
Let t(u) = -4*u + 2. Let y be (-95)/(-20) + 6/(-8). Let f be t(y). What is the remainder when 20 is divided by f*(-2 + 9/6)?
6
Let y be 